111101011
What is 73d (base 15) in base 8?
3141
-45b (base 13) to base 4
-23300
What is -1d2 (base 16) in base 10?
-466
Convert -50013 (base 7) to base 12.
-6b53
-3884 (base 9) to base 13
-142c
8460 (base 11) to base 5
324243
What is -20451 (base 10) in base 11?
-14402
-101110110 (base 2) to base 14
-1ca
What is -3002 (base 4) in base 5?
-1234
412 (base 6) to base 12
108
-27c (base 14) to base 12
-35a
Convert 44152 (base 6) to base 12.
3658
Convert -6463 (base 9) to base 3.
-20112010
Convert 8 (base 9) to base 5.
13
What is 647 (base 9) in base 11?
441
What is 12301101 (base 4) in base 11?
19919
What is 50404 (base 7) in base 12?
7091
Convert -2523 (base 6) to base 2.
-1001110011
What is 4d6 (base 14) in base 3?
1100000
-ab6 (base 12) to base 5
-22303
What is -331222 (base 4) in base 7?
-14335
What is 2233 (base 5) in base 9?
383
What is -100010001101010 (base 2) in base 15?
-52c9
What is -668 (base 15) in base 2?
-10110101000
What is 38b4 (base 14) in base 12?
591a
What is 33022 (base 4) in base 9?
1287
Convert -1045 (base 16) to base 4.
-1001011
Convert 100000001010 (base 2) to base 9.
2736
What is 15103 (base 8) in base 5?
203343
What is -120442 (base 5) in base 16?
-1191
Convert 2790 (base 11) to base 5.
103413
What is -981 (base 11) in base 5?
-14203
-40 (base 14) to base 13
-44
What is -100100011 (base 2) in base 5?
-2131
21 (base 6) to base 5
23
What is -11a5 (base 11) in base 3?
-2011001
Convert -450 (base 11) to base 2.
-1000011011
Convert 1010000110010 (base 2) to base 5.
131140
Convert -337 (base 10) to base 11.
-287
b7 (base 15) to base 4
2230
Convert 10247 (base 8) to base 13.
1c2c
What is 263 (base 7) in base 8?
217
Convert -2205 (base 6) to base 16.
-1fd
Convert -375a3 (base 12) to base 2.
-10010010110001011
What is 33 (base 11) in base 12?
30
2312 (base 5) to base 2
101001100
-10141 (base 6) to base 13
-805
What is -cd13 (base 15) in base 4?
-22212303
Convert -12333 (base 4) to base 14.
-23d
ac44 (base 15) to base 14
d442
What is 264505 (base 7) in base 4?
30013222
-44 (base 5) to base 13
-1b
Convert -20011021 (base 3) to base 5.
-120424
Convert 15784 (base 10) to base 11.
1094a
What is -320 (base 8) in base 10?
-208
What is 1022200 (base 3) in base 15?
443
Convert 20000212 (base 3) to base 4.
1010231
111110111111 (base 2) to base 10
4031
Convert 112614 (base 7) to base 10.
20199
What is -215 (base 14) in base 9?
-506
What is 6554 (base 9) in base 3?
20121211
What is 10212 (base 3) in base 14?
76
What is 3433 (base 7) in base 4?
103201
22001 (base 4) to base 5
10031
363 (base 9) to base 15
150
-1310 (base 4) to base 13
-8c
Convert 356 (base 11) to base 5.
3144
What is 6220 (base 7) in base 14?
b10
14236 (base 11) to base 5
1121441
Convert -100222111 (base 3) to base 13.
-3409
3035 (base 6) to base 9
825
Convert 111110001111 (base 2) to base 7.
14420
What is -5510 (base 7) in base 16?
-7af
Convert -23 (base 13) to base 8.
-35
Convert 12233 (base 4) to base 13.
272
Convert -9c7 (base 14) to base 6.
-12551
256d (base 15) to base 14
2c9c
What is -98 (base 15) in base 7?
-263
292 (base 16) to base 6
3014
What is -187a (base 12) in base 14?
-1126
Convert 372 (base 13) to base 7.
1515
-32af (base 16) to base 6
-140023
Convert 37746 (base 9) to base 11.
18097
Convert -1623 (base 16) to base 15.
-1a2c
What is -14403 (base 6) in base 10?
-2307
Convert -655 (base 12) to base 9.
-1242
Convert 1122122 (base 4) to base 11.
4390
-5135 (base 7) to base 5
-24130
Convert 541 (base 12) to base 3.
1001111
668 (base 9) to base 8
1044
What is 2250 (base 7) in base 10?
819
What is -1022101 (base 5) in base 4?
-10023333
Convert -4103310 (base 5) to base 13.
-24101
Convert 331330 (base 4) to base 12.
2364
-13471 (base 9) to base 14
-3488
What is -232200 (base 4) in base 14?
-1128
Convert 58b (base 16) to base 11.
1080
Convert -14b2 (base 13) to base 16.
-bca
309 (base 16) to base 8
1411
What is a76 (base 15) in base 3?
10020110
449 (base 11) to base 16
219
105a (base 11) to base 6
10244
Convert 4223 (base 5) to base 13.
344
What is -220000 (base 4) in base 8?
-5000
-131340 (base 5) to base 14
-1c8c
What is -a00 (base 14) in base 11?
-1522
What is 3013101 (base 4) in base 2?
11000111010001
-225431 (base 6) to base 3
-222121001
2825 (base 9) to base 3
2220212
2456 (base 7) to base 2
1110011011
7041 (base 8) to base 6
24425
-640 (base 8) to base 14
-21a
-50170 (base 10) to base 2
-1100001111111010
Convert -1001221 (base 3) to base 5.
-11111
4439 (base 14) to base 13
54b7
259 (base 10) to base 11
216
What is -eb35 (base 15) in base 16?
-c26f
405 (base 9) to base 2
101001001
Convert 7872 (base 13) to base 8.
40670
35550 (base 7) to base 4
2033232
Convert 2643 (base 8) to base 16.
5a3
What is 23410 (base 7) in base 10?
6034
5326 (base 7) to base 13
b1a
Convert -20121 (base 4) to base 5.
-4122
Convert 125545 (base 6) to base 16.
2d89
Convert 66365 (base 7) to base 8.
40422
What is -47b7 (base 12) in base 8?
-17573
What is 1233 (base 6) in base 11?
261
What is -130602 (base 8) in base 3?
-2022100001
-1111110100011 (base 2) to base 9
-12088
1057a (base 15) to base 8
145231
6716 (base 15) to base 2
101010101010110
-1501 (base 15) to base 12
-2731
-105551 (base 7) to base 12
-aa6b
36 (base 12) to base 13
33
-2013300 (base 4) to base 12
-5040
-211 (base 6) to base 3
-2221
What is 2013 (base 8) in base 12?
723
What is -2a1e (base 16) in base 12?
-62a6
What is -102342 (base 5) in base 3?
-11202121
What is 268 (base 15) in base 3?
202022
Convert -4 (base 13) to base 4.
-10
Convert 212124 (base 6) to base 5.
1023312
What is 203 (base 11) in base 15?
115
7757 (base 11) to base 7
41546
Convert 5 (base 6) to base 3.
12
3357 (base 8) to base 16
6ef
Convert -c965 (base 13) to base 16.
-6d40
-102ae (base 15) to base 2
-1100100000100111
-5512 (base 12) to base 14
-35b8
-10111010 (base 3) to base 4
-213231
-4b51 (base 15) to base 16
-3eb3
What is -1781 (base 13) in base 14?
-13ad
Convert 1011012 (base 5) to base 11.
11343
What is 5a9 (base 11) in base 2?
1011010100
Convert 132332 (base 5) to base 13.
257c
Convert -2463 (base 11) to base 9.
-4362
What is -203474 (base 8) in base 3?
-10102102212
-281 (base 9) to base 15
-10a
-220 (base 7) to base 16
-70
Convert 14566 (base 13) to base 3.
1221111201
What is 4bb8 (base 12) in base 4?
2012330
What is 55c (base 13) in base 12?
64a
What is -3541 (base 12) in base 9?
-8144
Convert 1970b (base 12) to base 8.
110673
What is -6479 (base 11) in base 9?
-12656
Convert a16a (base 15) to base 8.
102433
Convert 2113 (base 7) to base 10.
745
Convert 830 (base 13) to base 8.
2557
What is b9aa (base 12) in base 7?
113401
What is 103122 (base 4) in base 2?
10011011010
1434232 (base 5) to base 15
90cc
-1bdc (base 16) to base 11
-53a4
What is -24107 (base 9) in base 8?
-37376
Convert -22333 (base 6) to base 15.
-e03
Convert -4600 (base 10) to base 2.
-1000111111000
Convert e25 (base 16) to base 11.
27a2
320034 (base 5) to base 9
15536
61d8 (base 15) to base 13
9548
What is 3042 (base 12) in base 6?
40122
Convert 101103 (base 4) to base 15.
4dc
2483 (base 9) to base 13
acb
What is -100225 (base 7) in base 9?
-25184
Convert 20111 (base 3) to base 5.
1200
Convert 3045 (base 6) to base 5.
10202
Convert -17687 (base 9) to base 7.
-50440
10100110101 (base 2) to base 16
535
33104 (base 8) to base 11
a48a
Convert 1294 (base 16) to base 5.
123011
What is -1432433 (base 5) in base 14?
-b0d2
What is 282 (base 13) in base 3?
121110
What is 44533 (base 6) in base 14?
23c5
1222202 (base 3) to base 12
a0b
-645 (base 12) to base 4
-32111
-302243 (base 5) to base 9
-14265
6172 (base 9) to base 3
20012102
What is 327 (base 12) in base 5?
3323
-30375 (base 8) to base 10
-12541
Convert 20010 (base 10) to base 13.
9153
What is 13243 (base 11) in base 2?
100100111101011
-5066 (base 7) to base 9
-2368
What is -40f (base 16) in base 5?
-13124
What is -5264 (base 10) in base 6?
-40212
What is c4 (base 15) in base 8?
270
-201131 (base 4) to base 16
-85d
Convert 411 (base 7) to base 11.
176
Convert 102201331 (base 4) to base 7.
434200
What is 2926c (base 13) in base 4?
102320023
522213 (base 6) to base 9
63530
What is -3b4a (base 14) in base 5?
-313304
Convert 1693 (base 10) to base 8.
3235
-1011200 (base 3) to base 5
-11410
2106 (base 8) to base 12
772
What is -100000